n divisor of 26 and m?
13
Let c be (-21)/6*(-40)/14. Suppose -f + 101 = 4*t, 3*t - 4*f - 80 = -9*f. Let r = 50 - t. What is the greatest common divisor of c and r?
5
Let g be 4/10 - (-16)/10. Let t be -1 + (0 - (1 + -4 + -1)). Let q be g/t*117/6. Calculate the highest common divisor of 117 and q.
13
Let j(h) = h**3 + 4*h**2 - 2*h + 8. Let f be j(-8). Let r = f - -344. Calculate the highest common factor of r and 14.
14
Suppose 17 = 3*g + 11. Let s be -2*(-4 - (-3)/g). Suppose 2*l = s*o + 39, 2*l + 2*o + 47 = 121. What is the highest common factor of 80 and l?
16
Let d be (-4 + 1)*(-178)/2. Suppose -6*f + d - 39 = 0. Calculate the greatest common factor of 342 and f.
38
Suppose -6*r + 40 = -2*r. Suppose -113*m - 135 = -5*d - 118*m, -2*m = 5*d - 144. What is the greatest common divisor of d and r?
10
Let d be 7/((-189)/18) + 11/3. Let s be (-4 + d)*24/(-1 - 0). Calculate the highest common factor of 8 and s.
8
Let f = -336 - -362. Calculate the highest common divisor of 364 and f.
26
Suppose -2*p + 5*d - 5 - 5 = 0, 0 = 4*p + 5*d - 40. Suppose 4*c - 5*m - 689 = 0, 0 = -2*c - p*m + m + 364. Calculate the highest common factor of 22 and c.
22
Let b = -30 + 43. Suppose 39*x = 25*x + 2002. What is the greatest common divisor of b and x?
13
Let x be 134/4*((-6 - -22) + -6). What is the highest common divisor of x and 134?
67
Suppose -a = 2*a + 18. Let z be (-4)/(-10) - a/(-15). Suppose -2*p + 2*s = 3*s - 43, -p + 2*s + 14 = z. Calculate the highest common divisor of 160 and p.
20
Suppose -10 = -4*r + 18. Suppose 0 = r*k - 9*k. Suppose k*q + q - 36 = 0. Calculate the highest common divisor of q and 24.
12
Suppose -2*w + 0*r = -3*r - 17, -2*r - 14 = -2*w. Suppose -w*j = 37 + 3. Let c be 1 + j/((-6)/3). Calculate the highest common divisor of 9 and c.
3
Suppose 2*o - 11 = -5*i, -3*i + 4*i - 5*o = 13. Suppose p - 200 = -i*p. Calculate the highest common factor of 10 and p.
10
Let q = 64 + 24. Let h(b) = 4*b - 23. Let t be h(11). Suppose 0 = -z + 4, -4*a - 2*z + 19 + t = 0. Calculate the greatest common factor of a and q.
8
Let k = -43 + 52. Calculate the highest common divisor of 45 and k.
9
Let v = 163 - 90. Calculate the greatest common divisor of 292 and v.
73
Suppose 5*i = -2*k + 227, -1 + 6 = 5*k. Let a be (-10)/(300/(-36) - -8). What is the highest common factor of a and i?
15
Let h = 17 - -98. Let c be (-1 - -2) + 0 + 22. Suppose 0*l = -l + c. Calculate the greatest common divisor of l and h.
23
Suppose -3*s = 0, 2*s - 248 = 4*p - 2*s. Let k be p/(-1) + (1 - (2 - -1)). Calculate the greatest common factor of k and 10.
10
Suppose 0 = 3*i + 3*i - 156. Let x be (-12)/10*20/8. Let n be (-3)/(1*x/286). What is the greatest common factor of n and i?
26
Suppose -2*r - 4*r + 138 = 0. Let q = 31 - r. Suppose 192 = 2*w + w. Calculate the highest common factor of q and w.
8
Let d = -920 + 996. Calculate the greatest common factor of d and 4.
4
Suppose 4*n - 22 = -6. Suppose -24*k + 190 - 166 = 0. Calculate the highest common divisor of k and n.
1
Let i(b) = -b**3 + 4*b**2 + 13*b - 1. Suppose -3*n - 2*p + 11 = -7, 5*n - 30 = -3*p. Let x be i(n). Calculate the highest common factor of 55 and x.
5
Let b be 828 + 24*5/(-10). Calculate the highest common factor of 112 and b.
16
Suppose 4*g - 2031 = r + 2473, -2*g + 5*r = -2270. Calculate the greatest common divisor of g and 45.
45
Suppose -1736 - 664 = -48*n. What is the greatest common divisor of n and 450?
50
Let x(t) = 4*t**3 + t**2 + 10*t - 59. Let s be x(5). What is the highest common divisor of s and 12?
12
Let n(s) = 0*s + 2*s + 6*s - 5*s. Let j be n(6). Let f = 187 + -61. What is the greatest common divisor of j and f?
18
Suppose -c - 4*f + 6 = 0, -2*c + 16 = -3*f + 4. Calculate the greatest common divisor of 16 and c.
2
Suppose -186*u + 213 = 3*v - 181*u, 5*u - 61 = -v. What is the highest common divisor of 1748 and v?
76
Let o(j) = j**2 + j. Let h(f) = 20*f**3 - 2*f**2 - 3*f - 1. Let k(d) = -2*h(d) - 6*o(d). Let y be k(-1). What is the highest common factor of 8 and y?
8
Let p = 47 - -9. Let u(n) = -n**3 + 3*n**2 + 2*n - 3. Let g be u(2). Let x = 12 - g. What is the greatest common divisor of x and p?
7
Suppose 3*x - 215 = -2*v, -v - 11*x + 8*x + 103 = 0. Calculate the highest common divisor of v and 14.
14
Suppose -10 = -5*r - b, -3*r + 3*b + 6 = -2*b. Suppose -74 = -2*h + r*t + 4, 3*h = 2*t + 120. Let q = -66 - -94. What is the highest common divisor of q and h?
14
Suppose 0 = b - 54 + 10. Suppose -3*o - 6 = -21. Let l be 6/o*(-30)/(-9). What is the highest common divisor of b and l?
4
Let f(p) = p**2 - 10*p + 3. Let x be f(8). Let r = x - -16. Suppose 2*k - 16 - 7 = -3*d, 0 = -k + r*d - 11. Calculate the highest common divisor of 44 and k.
4
Let c(i) be the third derivative of 0 + 5*i**2 + 1/60*i**5 + 0*i - 1/24*i**4 + 0*i**3. Let a be c(6). Calculate the highest common factor of a and 20.
10
Suppose 5*x = -5, 0 = -4*m + x - 7 - 4. Let p be m + (7 - 0) - -4. Let t = p + -5. What is the greatest common factor of 21 and t?
3
Suppose 25*h + 108 = -2*h. Let r = -12 + 1. Let x be h - r/(33/180). Calculate the greatest common divisor of x and 7.
7
Let x = 2237 + -2222. What is the greatest common divisor of 69 and x?
3
Suppose -36*a = -33*a - 3*i - 600, -4*i + 12 = 0. What is the greatest common factor of 29 and a?
29
Suppose -5*k + 5*m = -905, 6*k = 2*k + 3*m + 719. Let r be 4/18 - k/(-18). Calculate the greatest common factor of 5 and r.
5
Let c(p) = 73*p**3 + p**2 - 3*p. Let y be c(2). Suppose -y = -6*s + 342. What is the greatest common divisor of s and 11?
11
Let n be 0/(0 - 5/(-5)). Let k(u) = 0 + 2 - u + n + 3*u. Let r be k(7). Calculate the greatest common divisor of 40 and r.
8
Suppose -g = -5*f + 4*g + 55, 2*f = 3*g + 19. Suppose f = 5*j - 6. Calculate the highest common divisor of 4 and j.
4
Suppose 0 = l - 2*t - 1 - 1, -3*l + 20 = t. Let s = 22 - -2. What is the greatest common divisor of s and l?
6
Suppose -3*r = -6*r + 105. Let z = 68 - r. Let w be 33*(1 + (-4)/6). Calculate the highest common divisor of z and w.
11
Suppose 0 = 4*q - 20, 3*q - 7 - 10 = -d. Let n(c) = -5 + 3*c**3 + d + c - 1 - 2*c**2 - 2*c. Let s be n(4). Calculate the highest common divisor of 19 and s.
19
Suppose 0 = 2*j + 5*f + 16, 4*j - 5*f = -0*f + 28. Suppose j*k = -90 + 202. What is the greatest common factor of k and 448?
56
Let u be (-6)/15 + (-237)/(-5). Let x = u - 30. Calculate the highest common factor of x and 187.
17
Suppose 406 + 7 = 7*i. What is the greatest common factor of i and 118?
59
Let t be (1/1 + 6)/1. Let b = 100 - 37. What is the highest common divisor of b and t?
7
Let s be 64/20 - (-2)/(-10). Let x be 78/9 + 4/12. Calculate the highest common divisor of s and x.
3
Let z be (15/6)/(3/114). Let q be ((-57)/(-12))/((-2)/(-16)). What is the highest common factor of z and q?
19
Let x be (1456/260)/((-6)/(-315) - 0). What is the greatest common divisor of 392 and x?
98
Suppose 0 = -3*l - m + 474 + 120, 3*l = -2*m + 594. Suppose -4*d + l = 62. Suppose 0*c - c = -d. Calculate the greatest common factor of c and 51.
17
Suppose 0 = -3*h + 9, -2*k = -3*k - 4*h + 17. Suppose -5*b + 53 = 4*g, -3*b + g + 35 = k*g. Calculate the greatest common factor of b and 99.
9
Suppose 2*o = -2*o - 8, 650 = 5*r - 5*o. Let f = -76 + 12. Let k = f + r. What is the greatest common factor of k and 16?
16
Let d be (-1)/((-2)/4)*10. Suppose -28*c + 27*c = -18. Suppose -52 - c = -7*y. Calculate the greatest common factor of d and y.
10
Let b(i) = -59*i - 129. Let y be b(-3). What is the highest common divisor of 40 and y?
8
Let c = 17 + 538. What is the highest common factor of 15 and c?
15
Let p(y) = 59*y**2 + 3. Let m(k) = -118*k**2 - 7. Let g(u) = 4*m(u) + 9*p(u). Let t be g(-1). Calculate the greatest common factor of t and 145.
29
Suppose -23*b - 120 = -18*b. Let f = -20 - b. What is the greatest common divisor of 3 and f?
1
Let n = 35 - 31. Let t = -104 - -126. What is the highest common factor of n and t?
2
Let s = -3 - 1. Let h be s/2 - (-47 + 1). Calculate the greatest common divisor of h and 4.
4
Suppose 15*j = 7*j + 520. What is the greatest common divisor of j and 13?
13
Let i(m) = m**3 + 25*m**2 + 74*m - 45. Let o be i(-21). Suppose -h - 132 = -3*h. Calculate the greatest common factor of h and o.
33
Let z = -27 + 